+ 164*z**2. Suppose 3*g - 2*m - 8 = 2*g, 4 = 2*m. Is a(g) prime?
False
Let k = 57015 - -64814. Is k prime?
False
Let a(w) = 4*w + 15. Let r be a(-8). Let k(p) = 2*p**2 - 2*p - 29. Is k(r) prime?
False
Suppose -2*a - j + 2675598 = 0, -5*a - 90*j + 6689013 = -92*j. Is a a prime number?
True
Suppose 84 = -s - 3*s. Let n = s + 16. Is (-5)/n - -3557 - -5 a prime number?
False
Let k(p) = -119*p - 84. Let y be k(-26). Let o = -6324 + y. Is 0 + 1/((2/o)/(-1)) prime?
True
Let t(f) = -50*f - 173. Is t(-66) a prime number?
False
Suppose 18*k + 252 = 27*k. Suppose 0 = -k*y + 634141 - 50817. Is y composite?
True
Let a = 244 + -30. Suppose -y + a + 681 = 0. Is y prime?
False
Let l be 4 - 69/(-18) - 2/(-12). Is 5424 + ((-1)/1)/(l/(-40)) composite?
True
Let g = 114728 - -35803. Is g a prime number?
False
Let h(n) = 71*n**2 + 10*n - 17. Let u be h(5). Suppose u = 2*a + 512. Suppose -2*r - g + a = 145, -20 = -4*g. Is r composite?
True
Let r(s) = 41*s**3 - s**2 + 16*s - 195. Is r(8) composite?
True
Let j(q) = -7*q**2 + 8*q + 6. Let f(b) = -8*b**2 + 7*b + 5. Let a(p) = -5*f(p) + 6*j(p). Let m be a(7). Is (-7403)/(-22)*(m - 2) composite?
False
Is 2/3*188329611/94 - (2 - 2) composite?
True
Let o = -160551 + 272848. Is o composite?
False
Suppose 60415 = v + 4*q, v + 2*q - 72505 = -12084. Is v composite?
False
Suppose 0 = -21*n + 130 + 17. Suppose -5*l + n*h - 12*h = -5715, 4*h - 1158 = -l. Is l a prime number?
False
Suppose 2*a - 138038 = u, 0*a + 5*u + 345095 = 5*a. Let t = -37152 + a. Is t prime?
False
Let h be (-2)/12 + 302653/78. Suppose -23*n = -28*n + h. Suppose 0 = a + 7*a - n. Is a a composite number?
False
Let c(k) = -2*k**2 - 6*k + 10. Let b(s) = s**2. Let q(v) = -b(v) - c(v). Let t be q(-6). Is (-13 - t) + -10*(-255)/6 prime?
False
Suppose -4605256 = -19*g - 133*g + 6116368. Is g a composite number?
False
Suppose 52*j + g - 226074 = 48*j, 0 = -2*j + g + 113028. Is j a composite number?
True
Suppose -5*y = 5*n - y - 7, n + 5 = -4*y. Suppose -64089 = n*p - 12*p. Is p a composite number?
False
Let q be -1 - ((-32180)/(-30))/((-2)/(-3)). Let n = 4437 + q. Is n prime?
False
Let c(z) = z**3 - 4*z**2 - 5*z + 21. Let d be c(4). Is (d + 2680/12)/(3/9) composite?
False
Suppose 3*q = -0*q - 3. Let r = -2 - q. Let d(u) = -234*u**3 + 2*u**2 + 2*u + 1. Is d(r) a prime number?
False
Suppose 5*n = 17*d - 12*d - 105, -n - 46 = -2*d. Suppose -d*a - 11257 = -53382. Is a a composite number?
True
Suppose -4*l = -8*l + t + 456, 5*t + 325 = 3*l. Let u = -112 + l. Suppose -u*i - 3 = 0, 5*x - 1287 = 2*i - 0*i. Is x composite?
False
Suppose -3 = 3*f, -4*w + f + 8 = -1. Let s be ((-2)/6*2)/(w/(-591)). Suppose -6*d + s = -79. Is d a prime number?
False
Let o(x) = -127*x + 19. Suppose -5*u - 38 + 233 = 5*t, -3*t = u - 117. Let k = 27 - t. Is o(k) a composite number?
False
Suppose 2*b - 20935 = 7*b. Let s(a) = -a**3 - 14*a**2 - 11*a + 10. Let m be s(16). Let o = b - m. Is o a composite number?
False
Let t = 1197102 + -466607. Is t a prime number?
False
Let b(g) = g**3 + 8*g**2 + g - 5. Let j(i) = i**2 - 10*i + 1. Let p be j(9). Let q be b(p). Let w(m) = m**3 + 15*m**2 - 5*m + 12. Is w(q) a prime number?
False
Let d(j) = -329*j - 56. Let v be d(-37). Suppose -v = 6*b - 13*b. Is b a prime number?
False
Let p be -3 + (4 - 4/(-3)*3). Suppose 4*s - 28148 = -2*z - 0*z, -p*s + 35179 = 4*z. Is s composite?
False
Let h(k) = 3308*k + 21. Let l = 257 + -255. Is h(l) prime?
True
Suppose 136*y - 2 = 134*y. Is ((-10)/(-6)*3 + 9306)/y composite?
False
Is ((-1770434)/15*(-15)/4)/(2/4) prime?
True
Let a = -45465 - -165386. Is a a composite number?
False
Suppose -74*o - 17155 = -79*o. Let z = 7734 - o. Is z prime?
False
Let w(a) = 7134*a + 2065. Is w(9) prime?
True
Suppose -3*b + 612 = -p, -2*p - 666 - 549 = 3*b. Let j = p - -944. Is j a prime number?
False
Let g(h) = h - 1. Let n be g(13). Suppose 0 = 3*l - 3*j + 3 - n, j = 4*l - 3. Suppose -3*q - 1421 + 7718 = l. Is q a prime number?
True
Let r(v) be the first derivative of v**6/120 - v**5/12 + 5*v**4/12 + 3*v**3 + 11. Let t(o) be the third derivative of r(o). Is t(6) composite?
True
Let d = 3873 + 22070. Is d prime?
True
Let v = 3167 - 2534. Let x = 530 - 782. Let j = x + v. Is j composite?
True
Is (5 + -1 - 5)/(-4 + (-4441113)/(-1110279)) prime?
False
Let n(f) = 26352*f + 109. Is n(17) composite?
False
Suppose -2139 = -2*h + 5*c, 2*h + 4*c - 2450 + 248 = 0. Is h a composite number?
False
Suppose 80*f - 27030778 - 7496982 = 0. Is f a prime number?
True
Suppose -n + 4117 = 2*t, 4*t + 5*n = -0*t + 8219. Suppose 11*k + 5*u = 12*k - t, 0 = -k - u + 2049. Is k a composite number?
True
Is ((-3)/15)/(23/(-230733585)*9) a composite number?
False
Suppose -120 = 5*s - 300. Is 1162/(s/9 - 2) prime?
False
Is ((2/(-11) - 0) + (-369530325)/2970)*-6 composite?
True
Let m(h) = -6*h + 41. Let q be m(6). Suppose 0 = -q*f + 3*g + 29208, 11683 = 2*f + 2*g - 3*g. Let u = f + -3328. Is u a prime number?
False
Let x(u) = -23*u**3 + 28*u**2 + 125*u - 137. Is x(-17) prime?
False
Let f(l) = l**3 + 5*l**2 - 7*l + 5. Suppose 2*a - 3*p + 6 = 0, 0*a = -3*a + 2*p - 14. Let r be f(a). Suppose r*o + 1510 - 7461 = 0. Is o a composite number?
False
Let p(r) = 46*r**2 + 3*r - 2. Let q be p(12). Let m = q - 4405. Is m a prime number?
False
Let x = -282665 - -566856. Is x a composite number?
False
Suppose 4*c = -174 + 134. Let j = 328 - c. Let z = 709 - j. Is z a prime number?
False
Suppose 0 = -25*m + 28*m - 33. Is 100/550 - (-1967)/m prime?
True
Let p(u) be the second derivative of -7*u**3/6 + 6*u**2 + 34*u. Let a(y) = -15*y + 25. Let q(j) = 3*a(j) - 7*p(j). Is q(10) prime?
True
Let h = -314823 - -624674. Is h prime?
True
Let z = -96 - -99. Suppose 5*v - 734 = -z*u + u, 1488 = 4*u + 5*v. Suppose -y - 42 = -u. Is y composite?
True
Suppose a - 3*j - 115900 = -13379, -2*a - 2*j = -205106. Is a a prime number?
False
Let i be (-3469)/(-4 + 1 + 4). Let u(g) = -14*g**2 - 2*g - 28. Let p be u(12). Let r = p - i. Is r a composite number?
True
Let z(s) = 117*s - 59. Suppose 0 = -3*y - 12 + 66. Is z(y) composite?
True
Let p = 294579 + -207574. Is p a prime number?
False
Suppose 2*r - 78 = 4*t, -98 = 5*t - 0*r - 2*r. Let x be t/70 - 3/21*-20197. Let o = x - 2007. Is o a prime number?
False
Suppose 0 = 2*p + 4*q - 207850, 146*p - 147*p + 4*q + 103913 = 0. Is p a composite number?
True
Is (-3318397*9/(-90) - -9) + (-3)/(-10) a composite number?
True
Suppose -13029420 = -22*r + 2167234. Is r a composite number?
False
Suppose -14*l + 270271 = -253735. Is l composite?
True
Let z(x) = 17409*x - 464. Is z(9) a composite number?
False
Let j(d) = 18*d**3 + 3*d**2 - d. Let h be j(2). Is -2 + (-1 + -50)/((-14)/h) a prime number?
False
Let s(p) be the second derivative of 1741*p**3/3 - 91*p**2/2 + 75*p. Is s(7) composite?
True
Let z(s) = s**2 - 2*s + 1. Let t be z(4). Let a = 2923 - 853. Suppose -a = -t*o + 2241. Is o composite?
False
Suppose -6*z = -11*z + 3*z. Suppose -2*r - 2 = -2*s, 5*s + 3*r - 5 = -z*r. Is (s/(-1))/(4/(-6932)) a prime number?
True
Let w(a) = 6385*a**2 + 15*a + 42. Let q be w(-3). Let h = q - 29079. Is h a prime number?
False
Let c be ((2 - -1) + 0)/((-3)/(-2)). Suppose c*h - 15 = -3*h. Suppose h = p, 2*s + 3*p + 105 - 1120 = 0. Is s a composite number?
False
Let m(o) be the first derivative of 164*o**5/15 - o**4/12 + o**3/6 - 9*o**2/2 - 25. Let z(n) be the second derivative of m(n). Is z(1) prime?
False
Let s = -6805099 - -9598950. Is s a prime number?
False
Suppose 0 = -f + 23 - 20. Suppose -1139 = -f*s + y, 0*s - 3*s = -4*y - 1136. Is 3/(-3 + 1152/s) a prime number?
False
Let o(a) = -2219*a - 70. Is o(-1) a prime number?
False
Suppose 3*n + 4*y = 247169, -2*n + 164764 = -32*y + 27*y. Is n composite?
False
Suppose 0 = -69*n + 66*n + 42. Suppose n*k + 60 = 19*k. Is (2966/(-4))/((-6)/k) prime?
True
Suppose 653230 = 2903*j - 2898*j. Is j prime?
False
Suppose 5*j = -h + 35316, 8*h - 3*h - 35320 = -5*j. Suppose z = -6*f + 9*f - 21174, 0 = f - 2*z - j. Is f a composite number?
False
Suppose -2*a = -3*a - 3, 5*q - 8062 = 4*a. Suppose 2*c + 2*t = q, -4*c + 3225 = 6*t - t. Suppose -c = -5*y - 0*y + 5*u, -175 = -y - 4*u. Is y a prime number?
True
Let l = 12103 + 8370. Is l a prime number?
False
Let o(f) = 281*f + 73. Let g be o(5). Suppose -i - 50 = -6*i. Suppose 9*u - i*u = -g. Is u compos